What is the hundreds digit of 197071?
0
What is the hundreds digit of 9647494?
4
What is the hundred thousands digit of 384650?
3
What is the thousands digit of 456954?
6
What is the tens digit of 8994273?
7
What is the units digit of 200488?
8
What is the ten thousands digit of 1231704?
3
What is the hundreds digit of 10699546?
5
What is the thousands digit of 836845?
6
What is the hundreds digit of 9280951?
9
What is the ten thousands digit of 1410160?
1
What is the tens digit of 3258137?
3
What is the hundred thousands digit of 965428?
9
What is the tens digit of 234346?
4
What is the tens digit of 46502?
0
What is the hundreds digit of 618469?
4
What is the millions digit of 1729564?
1
What is the hundred thousands digit of 343915?
3
What is the thousands digit of 534574?
4
What is the hundreds digit of 77750?
7
What is the hundreds digit of 6044192?
1
What is the hundreds digit of 2523509?
5
What is the millions digit of 12195509?
2
What is the ten thousands digit of 1716715?
1
What is the tens digit of 971105?
0
What is the hundreds digit of 233738?
7
What is the thousands digit of 1628?
1
What is the hundred thousands digit of 233069?
2
What is the millions digit of 1485004?
1
What is the ten thousands digit of 1266188?
6
What is the hundred thousands digit of 432383?
4
What is the thousands digit of 1761921?
1
What is the tens digit of 5701377?
7
What is the ten thousands digit of 82941?
8
What is the hundreds digit of 32026?
0
What is the ten thousands digit of 106376?
0
What is the tens digit of 5965400?
0
What is the units digit of 2851988?
8
What is the ten millions digit of 29620524?
2
What is the hundreds digit of 1070809?
8
What is the tens digit of 2315910?
1
What is the thousands digit of 164303?
4
What is the units digit of 15224844?
4
What is the units digit of 10055018?
8
What is the hundred thousands digit of 7233357?
2
What is the tens digit of 13884272?
7
What is the tens digit of 699629?
2
What is the tens digit of 494976?
7
What is the hundreds digit of 593811?
8
What is the millions digit of 6280029?
6
What is the hundreds digit of 16811?
8
What is the hundred thousands digit of 1846598?
8
What is the hundred thousands digit of 3371141?
3
What is the ten thousands digit of 1343688?
4
What is the tens digit of 458089?
8
What is the units digit of 377356?
6
What is the hundred thousands digit of 187310?
1
What is the millions digit of 1265781?
1
What is the ten millions digit of 21967128?
2
What is the hundred thousands digit of 228473?
2
What is the units digit of 26842552?
2
What is the ten thousands digit of 493889?
9
What is the units digit of 17198453?
3
What is the hundred thousands digit of 575055?
5
What is the hundred thousands digit of 1628675?
6
What is the hundreds digit of 15989918?
9
What is the ten thousands digit of 4989390?
8
What is the thousands digit of 76107?
6
What is the ten thousands digit of 314466?
1
What is the ten thousands digit of 1788858?
8
What is the hundred thousands digit of 2449111?
4
What is the tens digit of 12754628?
2
What is the units digit of 5194741?
1
What is the hundred thousands digit of 11130853?
1
What is the hundred thousands digit of 182223?
1
What is the hundred thousands digit of 151981?
1
What is the units digit of 4104?
4
What is the units digit of 130654?
4
What is the ten thousands digit of 426908?
2
What is the units digit of 40477?
7
What is the thousands digit of 33685915?
5
What is the units digit of 21575919?
9
What is the hundred thousands digit of 973758?
9
What is the ten thousands digit of 341074?
4
What is the ten thousands digit of 29218700?
1
What is the thousands digit of 6610046?
0
What is the tens digit of 758?
5
What is the thousands digit of 1625782?
5
What is the tens digit of 1423890?
9
What is the units digit of 1828259?
9
What is the hundreds digit of 399394?
3
What is the hundred thousands digit of 800645?
8
What is the ten thousands digit of 22463020?
6
What is the units digit of 7369583?
3
What is the ten thousands digit of 133266?
3
What is the hundreds digit of 3145278?
2
What is the units digit of 105212?
2
What is the ten millions digit of 10443678?
1
What is the tens digit of 9930962?
6
What is the thousands digit of 4571551?
1
What is the thousands digit of 4845180?
5
What is the tens digit of 774476?
7
What is the millions digit of 20113770?
0
What is the ten thousands digit of 15770132?
7
What is the hundred thousands digit of 441532?
4
What is the hundred thousands digit of 1035967?
0
What is the hundred thousands digit of 37406846?
4
What is the ten thousands digit of 183914?
8
What is the ten millions digit of 22223973?
2
What is the millions digit of 7790449?
7
What is the tens digit of 402786?
8
What is the millions digit of 9135576?
9
What is the ten thousands digit of 506649?
0
What is the thousands digit of 2979615?
9
What is the tens digit of 1074?
7
What is the ten thousands digit of 17834?
1
What is the millions digit of 7501881?
7
What is the millions digit of 4190018?
4
What is the tens digit of 3444110?
1
What is the units digit of 1043218?
8
What is the tens digit of 137184?
8
What is the hundreds digit of 112656?
6
What is the hundred thousands digit of 958985?
9
What is the tens digit of 877449?
4
What is the hundreds digit of 9337562?
5
What is the millions digit of 7389374?
7
What is the ten millions digit of 15738706?
1
What is the tens digit of 514686?
8
What is the thousands digit of 1501152?
1
What is the hundreds digit of 25592?
5
What is the hundred thousands digit of 8475236?
4
What is the hundreds digit of 432130?
1
What is the hundred thousands digit of 6347730?
3
What is the hundred thousands digit of 383608?
3
What is the thousands digit of 621935?
1
What is the hundreds digit of 18883997?
9
What is the millions digit of 12918625?
2
What is the units digit of 1017430?
0
What is the hundreds digit of 641600?
6
What is the hundred thousands digit of 253883?
2
What is the hundreds digit of 4802387?
3
What is the millions digit of 3597471?
3
What is the hundred thousands digit of 4785023?
7
What is the tens digit of 11313338?
3
What is the thousands digit of 3436921?
6
What is the thousands digit of 2015797?
5
What is the hundreds digit of 2453681?
6
What is the ten thousands digit of 1382393?
8
What is the units digit of 159523?
3
What is the hundreds digit of 458460?
4
What is the thousands digit of 1834823?
4
What is the tens digit of 5327425?
2
What is the units digit of 1048018?
8
What is the units digit of 2214737?
7
What is the tens digit of 149224?
2
What is the units digit of 1389569?
9
What is the tens digit of 286266?
6
What is the ten thousands digit of 221911?
2
What is the thousands digit of 9716623?
6
What is the tens digit of 115892?
9
What is the hundreds digit of 7136102?
1
What is the hundreds digit of 1086587?
5
What is the millions digit of 5988633?
5
What is the millions digit of 27824491?
7
What is the thousands digit of 9819?
9
What is the millions digit of 15430577?
5
What is the hundred thousands digit of 103252?
1
What is the hundreds digit of 4270873?
8
What is the units digit of 4454479?
9
What is the hundred thousands digit of 278978?
2
What is the thousands digit of 430219?
0
What is the ten thousands digit of 150759?
5
What is the hundreds digit of 17499954?
9
What is the hundreds digit of 5996286?
2
What is the units digit of 5535?
5
What is the thousands digit of 58093?
8
What is the ten thousands digit of 96869?
9
What is the hundred thousands digit of 2082077?
0
What is the ten thousands digit of 1153042?
5
What is the hundreds digit of 41731?
7
What is the hundreds digit of 13707575?
5
What is the thousands digit of 1657799?
7
What is the tens digit of 242928?
2
What is the units digit of 1243629?
9
What is the ten thousands digit of 229715?
2
What is the hundreds digit of 8772855?
8
What is the units digit of 26941832?
2
What is the hundreds digit of 1125235?
2
What is the hundreds digit of 59997?
9
What is the millions digit of 4990743?
4
What is the ten thousands digit of 21840803?
4
What is the hundred thousands digit of 1783210?
7
What is the thousands digit of 519387?
9
What is the thousands digit of 71389?
1
What is the ten thousands digit of 759573?
5
What is